24
Let x = 1532 - 1129. Calculate the highest common factor of 62 and x.
31
Let d(u) = 6*u**2 + 15*u - 12. Let o be d(10). Suppose 0*r + 3*r = -6, -5*r = -4*q + o. Suppose 6 = -2*y + 58. What is the greatest common factor of q and y?
26
Let f be 4 + (1 - -8)/3. Suppose b = f + 86. Let m(w) = -w**3 - w + 62. Let n be m(0). Calculate the greatest common divisor of n and b.
31
Let v(k) = -3*k - 9. Suppose -u + 10 = -2*j, -5*j + 3*u - 23 = -0*j. Let s be v(j). Suppose 5*g - 58 = s. What is the highest common divisor of g and 21?
7
Suppose 43*o + 28500 = 62*o. Calculate the highest common divisor of o and 120.
60
Let a = 34 + -30. Suppose -o = -t + 85, -5*t + 0*o - a*o + 389 = 0. Let b(j) = 2*j**2 + 5*j - 3. Let i be b(-4). What is the greatest common factor of i and t?
9
Let p = -756 - -801. Calculate the greatest common factor of p and 420.
15
Suppose 1 = -2*j + 5. Suppose j*r - 5*b + 23 = 0, 5*r + b - 9 - 1 = 0. Calculate the greatest common divisor of r and 7.
1
Let w = 56 + -22. Let d = -675 + 1157. Suppose 28 + d = 10*c. Calculate the greatest common factor of c and w.
17
Let x = -1056 - -1106. Calculate the greatest common factor of 425 and x.
25
Let i(s) = -s**2 + s + 2. Let q(l) = l**2 - l - 2. Let z(x) = -4*i(x) - 3*q(x). Let p be z(5). What is the highest common divisor of p and 6?
6
Let p(a) be the first derivative of a**2/2 - 5*a + 3. Let o be p(15). What is the greatest common factor of 15 and o?
5
Let p be ((-198)/45)/(7/(-1995)). Calculate the greatest common divisor of p and 76.
38
Suppose 9*w + 182 = 659. What is the highest common divisor of 106 and w?
53
Let d = -568 - -790. Calculate the greatest common divisor of 370 and d.
74
Let y be (-1 - -2)*4 + -4. Suppose -x + 1281 = 5*d, -d + y*x - 3*x = -259. What is the greatest common divisor of d and 32?
32
Let d = 25 + 29. Let c be -15*3/(-9)*36. Suppose -2*f + 7*f - c = 0. Calculate the greatest common divisor of d and f.
18
Let c be 4006/13 + (-72)/468. What is the highest common divisor of c and 484?
44
Let f be 3*(3 - 4) + -63. Let i = f + 75. What is the highest common factor of i and 6?
3
Let j = 243 - 214. What is the greatest common factor of 116 and j?
29
Let j be (-3)/9 - (-313)/3. Suppose 0 = -0*w + 4*w + j. Let g = 38 + w. Calculate the greatest common divisor of g and 84.
12
Let r = 4389 - -319. Let f be 4/18 - r/(-198). Calculate the greatest common factor of f and 8.
8
Let b(o) = -o**3 + 12*o**2 + 2. Let l be b(12). Let r be 4 - 6 - (-103 + l). What is the highest common divisor of r and 9?
9
Let a be (-3)/((-3)/25) - 6/(-2). Let w be (216/a)/((-2)/(-14)). Let g = 78 - 42. Calculate the highest common divisor of g and w.
18
Suppose -68*j + 64*j + 204 = 0. What is the highest common factor of 1037 and j?
17
Suppose 0 = 4*p - 47 - 13. Calculate the greatest common factor of 3 and p.
3
Let b(n) = n**2 + 20*n - 14. Let y be b(-23). Suppose -4*r - 33 = -0*k - 3*k, 5*r = -3*k + 33. What is the greatest common factor of k and y?
11
Suppose 4*i - 4437 = -5*i. What is the highest common factor of i and 17?
17
Let n be -7 + 11 + 4/(-2). Suppose 2*g - 13 = 3*i, -n*g + 4*i + 15 + 1 = 0. Let b be 1/((-7)/(-2) + -17 + 14). Calculate the highest common divisor of b and g.
2
Let a = 7 + -8. Let z be ((-240)/(-18))/(a/(-3)). Suppose 22 = 3*c - 8. Calculate the highest common divisor of c and z.
10
Suppose 21*z - 26*z + 1190 = 0. What is the greatest common factor of 34 and z?
34
Suppose -3*k - m = -96, -m - 33 = 5*k - 195. What is the greatest common divisor of 55 and k?
11
Let g be ((-18)/21)/(1/(-7)). Let l(b) = -4*b**2 + g*b**2 - 10*b + 0 - 8. Let d be l(8). Calculate the greatest common divisor of d and 20.
20
Let t = 514 + -415. What is the highest common divisor of 18 and t?
9
Let g be -3 + 2 - (-9 - 0). Suppose -25 = -4*n + 3*i - g*i, 4*n + i = 37. Let d be (-3 + -1)/16 - (-246)/24. What is the highest common divisor of n and d?
10
Let g(z) = -z**3 - 3*z**2 + z. Let h be g(-5). Let q = 789 + -759. Calculate the highest common divisor of q and h.
15
Let f be (-154)/21*6/(-4) - -2. Let y(s) = -s**3 - 7*s**2 + 4*s - 6. Let j be y(-8). What is the greatest common factor of f and j?
13
Suppose h - 18 = -3*u, 5*h - 3 = 2*u + 2. Suppose -l + u*l = 48. Let j(b) = 5*b**2 + 3*b + 2. Let c be j(-1). What is the highest common factor of c and l?
4
Let h(t) = t**3 - 1 + 0*t**3 + 3*t**2 + 3 + 3*t. Let g be h(-2). Suppose -i + 0*i + 24 = g. Calculate the greatest common divisor of i and 264.
24
Suppose -252*c + 253*c - 343 = 0. What is the greatest common factor of 147 and c?
49
Let g = 10 - 6. Let a(i) = 7*i**3 - 130*i**2 + 74*i - 8. Let j be a(18). What is the greatest common divisor of g and j?
4
Let g be (-3 - 0)/6 - (-129)/6. Suppose 2*l + 2*i = 70, -5*l = -i - 2*i - 175. Calculate the highest common factor of l and g.
7
Let t(n) = 3*n - 1. Let x be t(2). Let f = -16 + -9. Let s = 65 + f. What is the highest common factor of x and s?
5
Let v = 54 - 47. Suppose 0 = 5*b - v*b + 18. What is the greatest common divisor of 99 and b?
9
Let n(a) = 1 + 14*a**2 - 1 - 1. Let m be n(1). Suppose 0 = 84*w - 5257 - 6755. What is the highest common factor of w and m?
13
Let n be (166 - (0 + 1))/(5 - 4). Suppose 3*d - 105 - n = 0. Suppose 4*o = 2*q + 5*o - 40, 2*o + 28 = 2*q. Calculate the highest common factor of d and q.
18
Suppose 0*a + 3*a - 3*t = 36, 20 = 2*a + 2*t. Calculate the greatest common divisor of a and 77.
11
Let t = 710 + -701. Calculate the highest common divisor of 42 and t.
3
Let f(c) = c**3 + 3*c**2 - 14*c - 12. Let o be f(-5). What is the highest common factor of 536 and o?
8
Let z(y) = -8*y - 3. Let q(f) = 7*f + 2. Let x(u) = 3*q(u) + 4*z(u). Let r be x(-1). What is the highest common factor of r and 10?
5
Suppose -2*q = 3*q - 40. Suppose 3*i = q*i + 150. Let v be (-10)/i*(0 - -6). What is the highest common divisor of v and 4?
2
Suppose 0 = -78*k + 68*k + 160. What is the highest common factor of 104 and k?
8
Suppose 3*x = -3, 45 = -3*z - z - x. Let w = 10 + z. Let a = w + 6. Calculate the greatest common divisor of 25 and a.
5
Suppose 4*f + 411 = 5*j + 2*f, -5*f - 177 = -2*j. Let a(l) = 3*l + 7. Let d be a(5). Let s = d - 13. What is the highest common divisor of s and j?
9
Let f = 285 - -93. What is the greatest common factor of 70 and f?
14
Let f = 1189 - 599. Calculate the highest common factor of f and 30.
10
Let l = -40 - -45. Suppose -l*x + 18 = 2*z - 3, -z + x = 0. Calculate the greatest common factor of z and 21.
3
Suppose 3*o - 5*x - 48 = -2*x, 3*x + 22 = o. What is the greatest common factor of 1053 and o?
13
Suppose -446 - 339 = -h - 3*s, -s = -2*h + 1598. Let w = -213 + h. Suppose 5*c + 104 - w = 0. What is the highest common divisor of c and 12?
12
Let j(l) = -7*l**3 - 12*l**2 + l - 6. Let i be j(-4). What is the highest common factor of 82 and i?
82
Suppose 133 - 118 = d. Let t(a) = -a**2 - 1. Let w be t(-2). Let l(b) = -7*b - 5. Let x be l(w). What is the highest common factor of d and x?
15
Suppose 42*m - 660 = 12*m. Calculate the greatest common factor of m and 66.
22
Suppose -4*k = -4*g - 56, -2*k + 28 = -3*g - 1. Calculate the highest common factor of k and 143.
13
Let t(s) = s**2 - 7*s + 4. Let j be t(7). Let g(m) = -29*m. Let r be g(4). Let o be (r/8)/((-2)/j). Calculate the highest common divisor of 261 and o.
29
Suppose 65 = 4*w - 39. Suppose 25*h = w*h - 23. Let z(b) = 8*b**3 + b**2 + b - 1. Let o be z(2). Calculate the greatest common factor of o and h.
23
Let q = 1047 - 985. Calculate the greatest common factor of 93 and q.
31
Suppose 21 = -3*b + 93. What is the greatest common divisor of b and 6?
6
Suppose -4*a + 39 - 143 = 0. Let t = 38 + a. Let x be 2/t - 15976/(-48). Calculate the greatest common divisor of x and 37.
37
Let c = -4 + 12. Let w = -46 + 49. Let u be -2 - (11/(-3) + w)*6. What is the greatest common factor of c and u?
2
Suppose 8 = 2*f - f. Let h = 200 + -195. Let p = f - h. What is the greatest common divisor of p and 1?
1
Let u(v) be the third derivative of v**5/30 - v**4/12 - 14*v**2. Let f be u(-2). Suppose 3*n = 33 + f. What is the greatest common factor of 15 and n?
15
Suppose -5*f + 3*f + 57 = -g, f + 4*g - 24 = 0. Let r = 330 + -326. Calculate the greatest common divisor of r and f.
4
Let t be -4 + 2*(-410)/(-10). Let u(f) 